5
Let z(k) = 72*k + 6079. What is z(-84)?
31
Let h(g) = 7*g**3 + 9*g**2 - 10*g + 9. Give h(1).
15
Let d(w) = 78*w + 332. Give d(-4).
20
Let i(z) = 79*z - 313. Calculate i(4).
3
Let v(s) = 11*s**2 + 28*s - 101. Calculate v(3).
82
Let h(p) = -448*p + 890. Determine h(2).
-6
Let g(y) = -2*y**2 + 34*y + 6. What is g(18)?
-30
Let k(d) = -27*d + 114. Give k(8).
-102
Let x(v) = 24*v + 3. What is x(6)?
147
Let f(b) = -74*b - 7168. Give f(-96).
-64
Let p(m) = 15*m**2 + 39*m + 16. What is p(-3)?
34
Let l(x) = x**3 + 6*x**2 - 116*x - 56. Determine l(-14).
0
Let k(j) = -87*j + 37. Give k(-5).
472
Let z(f) = 25*f**2 - 4*f + 11. Determine z(2).
103
Let m(a) = -3*a**3 - 44*a**2 - 40*a - 135. What is m(-14)?
33
Let b(m) = 6*m**2 + 52*m - 6. Determine b(-10).
74
Let j(v) = v**3 - 13*v**2 - 200*v + 56. Give j(22).
12
Let y(w) = 47*w + 4058. Give y(-86).
16
Let c(m) = -m**3 - 13*m**2 - 48*m + 30. Determine c(-5).
70
Let f(u) = -3*u**2 - 317*u + 432. Determine f(-107).
4
Let l(d) = d**3 - 5*d**2 + 9*d - 2. What is l(6)?
88
Let l(q) = -3*q**2 + 114*q - 89. What is l(37)?
22
Let j(o) = -2*o**2 - 43*o + 69. Calculate j(-23).
0
Let r(k) = 22*k**3 + 10*k**2 + 5*k + 1. What is r(-1)?
-16
Let j(t) = -t**3 + 127*t**2 + 113*t + 1924. Determine j(128).
4
Let i(z) = 66*z - 359. Give i(5).
-29
Let a(m) = -80*m + 1792. Calculate a(22).
32
Let t(q) = 71*q**2 - 423*q - 22. Determine t(6).
-4
Let q(h) = h**3 - 13*h**2 + 34*h - 144. Calculate q(7).
-200
Let r(o) = o**2 + 86*o + 251. Calculate r(-3).
2
Let o(v) = -v**2 + 29*v + 232. Give o(33).
100
Let m(t) = 211*t - 33563. Determine m(159).
-14
Let a(z) = -3*z**3 + 21*z**2 - 21*z + 17. What is a(6)?
-1
Let j(s) = 40*s - 287. Give j(7).
-7
Let x(r) = -4449*r - 13334. Give x(-3).
13
Let d(i) = i**2 - 61*i + 62. Calculate d(59).
-56
Let d(z) = -3*z**2 - 161*z + 999. Calculate d(6).
-75
Let y(k) = 2123*k - 21237. Determine y(10).
-7
Let c(k) = -9*k**3 + 107*k**2 + 12*k - 8. Give c(12).
-8
Let a(m) = m**3 + 5*m**2 + 4*m + 105. Calculate a(-7).
-21
Let q(x) = 62*x - 35. Calculate q(0).
-35
Let b(d) = -d**2 - 407*d - 3586. Calculate b(-9).
-4
Let q(h) = -1245*h + 26159. What is q(21)?
14
Let k(o) = 31*o**2 - 282*o + 25. What is k(9)?
-2
Let i(m) = -m**3 + 80*m**2 + 246*m + 222. Calculate i(83).
-27
Let v(n) = -n**3 + 143*n**2 - 694*n + 573. What is v(138)?
21
Let m(n) = 105*n - 143. Calculate m(4).
277
Let y(r) = -r**2 + 7*r + 14. Give y(-7).
-84
Let m(v) = 105*v + 1091. Give m(-15).
-484
Let h(y) = y**2 + 35*y + 331. Determine h(-17).
25
Let n(q) = 61*q + 423. Calculate n(-7).
-4
Let t(o) = 3*o**3 + 8*o**2 - 32*o + 38. Give t(-6).
-130
Let i(q) = q**3 + 8*q**2 - 9*q - 6. Determine i(-6).
120
Let s(b) = -6*b**3 - 19*b**2 + 2*b + 25. Determine s(-5).
290
Let p(c) = -c**3 - 70*c**2 + 226*c + 528. Calculate p(-73).
17
Let d(z) = 726*z - 21780. Determine d(30).
0
Let d(v) = -2*v**2 + 52*v + 305. Give d(31).
-5
Let s(u) = u**3 + 3*u**2 + u + 31. Give s(-6).
-83
Let r(i) = i**3 - 25*i**2 - 39*i + 307. What is r(26)?
-31
Let l(v) = 3*v + 190. What is l(-62)?
4
Let m(o) = o**3 + 9*o**2 - 189*o + 28. Determine m(-19).
9
Let q(l) = -55*l + 366. Give q(-9).
861
Let h(w) = 60*w - 206. Give h(4).
34
Let z(g) = -g**3 - 2*g**2 + 31*g + 34. Calculate z(-6).
-8
Let d(s) = -7*s**3 - 91*s**2 - 9*s - 59. Calculate d(-13).
58
Let n(p) = 2*p - 54. Calculate n(33).
12
Let a(c) = 118*c + 219. What is a(-2)?
-17
Let i(d) = -d**3 + 56*d**2 - 687*d + 12. Determine i(18).
-42
Let z(f) = -11*f**3 + 693*f**2 + 2*f - 62. Give z(63).
64
Let j(p) = -5*p - 49. Give j(-6).
-19
Let p(c) = -c**2 + 384*c - 2244. What is p(6)?
24
Let g(z) = z**2 + 5*z - 49. Determine g(-10).
1
Let m(g) = -g**3 + 31*g**2 + 34*g - 27. Determine m(32).
37
Let p(w) = 86*w + 1302. Determine p(-15).
12
Let t(w) = 441*w + 2936. Determine t(-6).
290
Let n(v) = 117*v + 68. Determine n(-1).
-49
Let s(z) = -44*z + 4530. What is s(103)?
-2
Let k(r) = -4*r**3 + 208*r**2 - 2*r - 54. What is k(52)?
-158
Let p(k) = -18807*k - 206883. Determine p(-11).
-6
Let c(t) = -285*t**3 - 2*t**2 + t + 1. Calculate c(1).
-285
Let x(d) = 2*d + 83. Determine x(-47).
-11
Let x(l) = -l**2 + 352*l - 9073. Calculate x(28).
-1
Let k(c) = 2*c**2 - 6*c - 27. Give k(8).
53
Let f(k) = -59*k**2 - 461*k + 80. Give f(-8).
-8
Let c(v) = -v**2 + 626*v - 2481. Calculate c(4).
7
Let v(p) = p**2 + 92*p + 293. Calculate v(-89).
26
Let x(d) = -d**3 + 29*d**2 - 48*d - 134. Calculate x(27).
28
Let f(t) = 3*t**3 - 16*t**2 - 26*t + 14. What is f(7)?
77
Let h(y) = -1652*y + 16511. Give h(10).
-9
Let w(l) = -l**2 + 81*l + 707. Give w(-8).
-5
Let b(v) = v**2 + 103*v - 914. Give b(8).
-26
Let k(c) = 7*c**2 - 3*c - 246. Give k(14).
1084
Let x(z) = 74*z + 215. Calculate x(-5).
-155
Let k(q) = -2*q - 20. What is k(-13)?
6
Let u(l) = -l**3 - 13*l**2 + 213*l + 2562. What is u(-11)?
-23
Let d(h) = -h**2 - 46*h - 475. What is d(-18)?
29
Let g(w) = 11*w**2 + 962*w + 445. Calculate g(-87).
10
Let x(r) = -r**2 - 11*r + 319. What is x(-23)?
43
Let u(z) = -4*z**2 + 23*z + 204. Give u(0).
204
Let q(d) = 3*d + 11. What is q(4)?
23
Let a(g) = g**3 + 136*g**2 + 119*g - 2159. Give a(-135).
1
Let y(l) = l**2 + 31*l - 330. Calculate y(8).
-18
Let q(f) = -885*f - 5226. Determine q(-6).
84
Let p(x) = -x**3 - 11*x**2 - 33*x - 74. What is p(-8)?
-2
Let z(n) = 26*n**2 + 9*n + 7. Calculate z(-1).
24
Let g(h) = 4*h**2 + 45*h + 1. What is g(-11)?
-10
Let d(y) = -23*y + 24. Calculate d(5).
-91
Let m(l) = -24*l**2 + 1011*l - 122. Calculate m(42).
4
Let m(b) = 38*b**2 + 178*b + 22. Calculate m(-4).
-82
Let r(q) = -40*q**2 - 919*q + 21. Give r(-23).
-2
Let r(t) = -t**2 + 36*t - 161. Determine r(26).
99
Let y(r) = -r**3 + 6*r**2 + 17*r + 273. Determine y(11).
-145
Let m(a) = -13*a - 6. Calculate m(-2).
20
Let h(y) = 100*y + 633. Give h(-7).
-67
Let g(c) = -2*c**3 - 64*c**2 - 5*c + 21. What is g(-32)?
181
Let k(u) = u**3 + u**2 - 1323*u - 3968. Determine k(-3).
-17
Let m(u) = u**2 + 105*u + 1254. Calculate m(-91).
-20
Let c(t) = 62*t - 132. Calculate c(2).
-8
Let t(b) = -b**3 + 18*b**2 - 500*b + 482. Calculate t(1).
-1
Let s(p) = 6*p**2 + 1260*p + 5024. Calculate s(-4).
80
Let g(l) = 8*l**2 + 21*l + 65. What is g(-6)?
227
Let f(i) = 199*i - 2973. Calculate f(15).
12
Let o(y) = y**2 - 63*y + 614. What is o(62)?
552
Let y(n) = -4*n**3 - 35*n**2 + 13*n - 1. Determine y(-8).
-297
Let g(k) = -17*k**3 + k**2 + 7*k + 2. Calculate g(-3).
449
Let f(t) = -6*t + 277. Give f(43).
19
Let c(n) = 2*n**2 - 75*n + 158. Determine c(37).
121
Let m(i) = 28*i - 297. Determine m(-8).
-521
Let s(z) = 2169*z + 6517. What is s(-3)?
10
Let w(q) = -355*q - 26616. Calculate w(-75).
9
Let c(y) = -11*y - 620. Give c(-57).
7
Let t(k) = k**3 - k**2 - 16*k + 12. Determine t(5).
32
Let a(g) = -5*g**2 - 111*g - 63. Determine a(-21).
63
Let d(p) = 16*p - 2639. Calculate d(165).
1
Let k(t) = 6*t**3 + 16*t**2 - 8*t + 4. What is k(-3)?
10
Let i(b) = 7*b**2 - 71*b - 281. What is i(13)?
-21
Let o(b) = -b**3 - 6*b**2 - 39*b - 168. Give o(-6).
66
Let d(t) = t**3 + 86*t**2 - 85*t + 156. Calculate d(-87).
-18
Let z(w) = w**3 + 42*w**2 - 66*w + 836. Calculate z(-44).
-132
Let s(d) = -96*d + 23. Give s(-1).
119
Let d(l) = -317*l + 1558. Determine d(5).
-27
Let x(s) = -s**3 + s**2 + 123*s - 92. Calculate x(-11).
7
Let o(h) = -h**2 + 6*h + 12. Determine o(5).
17
Let c(y) = 19*y**3 - 119*y**2 - 92*y - 26. Calculate c(7).
16
Let g(x) = -2*x**2 - 90*x - 746. What is g(-11)?
2
Let b(g) = -3*g**2 + 131*g - 672. Determine b(6).
6
Let g(k) = 9*k**3 - 71*k**2 - 12*k - 1. Determine g(8).
-33
Let z(p) = -104*p + 168. Determine z(6).
-456
Let y(a) = 2*a**3 + 15*a**2 - 3*a - 2. Calculate y(-8).
-42
Let n(j) = 19*j**2 + 82*j - 19. Calculate n(-6).
173
Let r(o) = -3*o - 77. Calculate r(-30).
13
Let x(b) = -133*b + 1474. What is x(11)?
11
Let i(o) = -o**2 + 80*o + 1525. What is i(-16)?
-11
Let p(d) = -621*d + 1864. Give p(3).
1
Let w(d) = -4*d - 2. Determine w(-15).
58
Let g(c) = c**3 - 47*c**2 + 51*c - 220. Calculate g(46).
10
Let n(s) = -s**3 - 21*s**2 + 947*s + 53. Calculate n(-43).
10
Let q(l) = -200*l**3 - 5*l - 5. Calculate q(-1).
200
Let y(c) = 74*c + 7. Determine y(-6).
-437
Let d(f) = -3*f**3 - 137*f**2 - 92*f - 91. Calculate d(-45).
-1
Let w(l) = -300*l - 955. What is w(-3)?
-55
Let x(f) = -f**3 + 57*f**2 - 51*f - 159. Give x(56